
8
175 (base 9) to base 4
2111
Convert -7 (base 11) to base 10.
-7
What is -420 (base 8) in base 9?
-332
What is -59 (base 11) in base 8?
-100
Convert 13 (base 14) to base 3.
122
What is 324 (base 6) in base 5?
444
Convert 1011011 (base 2) to base 4.
1123
Convert 3 (base 7) to base 14.
3
-3 (base 8) to base 16
-3
What is -41 (base 13) in base 3?
-1222
Convert -1 (base 7) to base 8.
-1
Convert 4 (base 14) to base 13.
4
Convert -3 (base 8) to base 5.
-3
2 (base 9) to base 3
2
Convert 1 (base 6) to base 9.
1
Convert -75 (base 16) to base 12.
-99
Convert 120 (base 5) to base 3.
1022
Convert -95 (base 14) to base 6.
-335
Convert 22 (base 3) to base 4.
20
What is -2 (base 13) in base 7?
-2
What is 10000111 (base 2) in base 5?
1020
6 (base 11) to base 16
6
Convert -1a (base 14) to base 6.
-40
What is 3 (base 7) in base 3?
10
Convert 37 (base 12) to base 6.
111
1 (base 9) to base 13
1
Convert 3 (base 13) to base 4.
3
Convert 84 (base 13) to base 6.
300
0 (base 4) to base 13
0
Convert 2 (base 5) to base 8.
2
Convert 3 (base 12) to base 10.
3
What is 112 (base 4) in base 8?
26
What is 10 (base 10) in base 14?
a
218 (base 11) to base 4
10011
25 (base 7) to base 10
19
-3 (base 8) to base 11
-3
What is -9 (base 12) in base 8?
-11
Convert -151 (base 7) to base 12.
-71
Convert -10100 (base 2) to base 11.
-19
What is 1 (base 3) in base 5?
1
Convert 12 (base 4) to base 5.
11
-50 (base 9) to base 8
-55
-42 (base 7) to base 5
-110
-114 (base 5) to base 7
-46
5 (base 7) to base 15
5
What is -1001 (base 3) in base 16?
-1c
Convert -101212 (base 3) to base 8.
-445
Convert 1203 (base 4) to base 16.
63
What is 2 (base 10) in base 9?
2
What is -32 (base 7) in base 15?
-18
What is -125 (base 8) in base 11?
-78
What is -25 (base 8) in base 12?
-19
Convert 9e (base 15) to base 13.
b6
Convert a (base 14) to base 6.
14
Convert 5c (base 15) to base 4.
1113
4 (base 8) to base 2
100
0 (base 2) to base 13
0
Convert 0 (base 2) to base 11.
0
What is 15 (base 7) in base 16?
c
What is -11101 (base 2) in base 3?
-1002
What is 11101 (base 3) in base 8?
166
What is 111 (base 2) in base 13?
7
What is -110001101 (base 2) in base 15?
-1b7
Convert -2 (base 16) to base 5.
-2
Convert -2 (base 7) to base 6.
-2
What is 132 (base 6) in base 3?
2002
Convert 2a (base 14) to base 3.
1102
What is -3130 (base 4) in base 16?
-dc
49 (base 13) to base 11
56
-2b (base 15) to base 6
-105
Convert -2 (base 11) to base 9.
-2
What is -118 (base 15) in base 16?
-f8
14 (base 7) to base 9
12
Convert -313 (base 5) to base 11.
-76
Convert -3 (base 11) to base 6.
-3
Convert 28 (base 16) to base 14.
2c
-4 (base 13) to base 5
-4
Convert -26 (base 13) to base 14.
-24
Convert 1 (base 3) to base 11.
1
What is -10010100 (base 2) in base 7?
-301
What is -154 (base 12) in base 16?
-d0
Convert -3121 (base 4) to base 5.
-1332
-85 (base 10) to base 12
-71
What is 13 (base 4) in base 16?
7
Convert 0 (base 11) to base 15.
0
-42 (base 14) to base 11
-53
What is -12 (base 14) in base 7?
-22
Convert -255 (base 7) to base 11.
-116
-52 (base 7) to base 16
-25
Convert 12 (base 12) to base 15.
e
Convert 1001 (base 5) to base 8.
176
What is 15 (base 7) in base 10?
12
What is -2 (base 9) in base 3?
-2
Convert -200 (base 7) to base 9.
-118
22 (base 12) to base 14
1c
-2 (base 16) to base 13
-2
1 (base 4) to base 12
1
Convert -4 (base 14) to base 7.
-4
Convert 1000 (base 2) to base 10.
8
-1 (base 16) to base 10
-1
What is -156 (base 12) in base 7?
-420
Convert -12 (base 4) to base 5.
-11
-2 (base 9) to base 8
-2
1 (base 3) to base 13
1
Convert 0 (base 9) to base 15.
0
What is 97 (base 11) in base 10?
106
What is 110000 (base 2) in base 3?
1210
2 (base 7) to base 14
2
-9 (base 11) to base 5
-14
-11101100 (base 2) to base 4
-3230
Convert -1000 (base 2) to base 10.
-8
What is 0 (base 16) in base 7?
0
5 (base 14) to base 10
5
Convert -b5 (base 15) to base 9.
-208
What is -1 (base 3) in base 16?
-1
What is 1 (base 5) in base 7?
1
Convert -28 (base 10) to base 6.
-44
What is -29 (base 13) in base 3?
-1022
Convert 1 (base 8) to base 4.
1
Convert -2 (base 8) to base 12.
-2
Convert 5 (base 11) to base 8.
5
What is -53 (base 7) in base 12?
-32
Convert -100 (base 4) to base 14.
-12
1 (base 7) to base 14
1
-22 (base 10) to base 14
-18
Convert -1 (base 10) to base 3.
-1
What is -523 (base 9) in base 16?
-1aa
5 (base 11) to base 7
5
Convert -1101 (base 5) to base 16.
-97
Convert -7 (base 10) to base 5.
-12
What is 32 (base 7) in base 4?
113
-2 (base 7) to base 11
-2
What is 35 (base 9) in base 7?
44
Convert -3 (base 6) to base 11.
-3
Convert -12 (base 8) to base 4.
-22
What is -10 (base 14) in base 15?
-e
Convert -17 (base 13) to base 16.
-14
-1 (base 7) to base 16
-1
What is 2323 (base 4) in base 14?
d5
Convert -1 (base 14) to base 8.
-1
What is -40 (base 9) in base 16?
-24
-11 (base 7) to base 8
-10
Convert -156 (base 7) to base 10.
-90
Convert 24 (base 16) to base 13.
2a
What is 45 (base 11) in base 14?
37
What is -b (base 14) in base 12?
-b
What is 4 (base 8) in base 13?
4
11 (base 5) to base 8
6
Convert -111010 (base 2) to base 14.
-42
Convert -30 (base 6) to base 2.
-10010
Convert -6 (base 15) to base 4.
-12
Convert -22 (base 6) to base 8.
-16
What is 4 (base 16) in base 8?
4
Convert 54 (base 6) to base 3.
1021
Convert -5 (base 9) to base 4.
-11
What is -1c (base 16) in base 10?
-28
What is 75 (base 8) in base 16?
3d
What is -21 (base 11) in base 14?
-19
Convert 88 (base 16) to base 2.
10001000
-21 (base 12) to base 3
-221
Convert -3 (base 7) to base 10.
-3
8 (base 10) to base 5
13
Convert 3 (base 13) to base 10.
3
0 (base 8) to base 9
0
111 (base 3) to base 11
12
212 (base 3) to base 7
32
Convert 4 (base 9) to base 5.
4
Convert -38 (base 10) to base 9.
-42
Convert 112 (base 3) to base 5.
24
What is 572 (base 8) in base 5?
3003
What is -d4 (base 15) in base 3?
-21101
What is 12 (base 3) in base 2?
101
Convert -37 (base 15) to base 9.
-57
4 (base 15) to base 11
4
Convert -2 (base 12) to base 16.
-2
114 (base 9) to base 8
136
What is -1 (base 11) in base 4?
-1
What is -21 (base 5) in base 13?
-b
What is -43 (base 5) in base 7?
-32
What is 112 (base 3) in base 10?
14
-2 (base 14) to base 12
-2
What is -5 (base 14) in base 7?
-5
-2 (base 15) to base 6
-2
What is 10 (base 2) in base 5?
2
-a (base 11) to base 8
-12
-1000 (base 2) to base 11
-8
Convert 25 (base 14) to base 13.
27
Convert 23 (base 11) to base 3.
221
What is 0 (base 6) in base 7?
0
Convert 2 (base 12) to base 6.
2
-2 (base 10) to base 5
-2
13 (base 13) to base 6
24
Convert -275 (base 10) to base 15.
-135
31 (base 16) to base 8
61
What is 101 (base 11) in base 4?
1322
What is 0 (base 2) in base 9?
0
Convert d (base 14) to base 7.
16
be (base 15) to base 13
10a
Convert -7 (base 9) to base 2.
-111
-9a (base 12) to base 8
-166
-12 (base 5) to base 9
-7
14 (base 6) to base 7
13
-31 (base 6) to base 2
-10011
Convert -1201 (base 4) to base 6.
-241
12 (base 11) to base 10
13
6 (base 11) to base 13
6
What is -22 (base 12) in base 2?
-11010
What is -10 (base 2) in base 14?
-2
Convert -12 (base 7) to base 6.
-13
What is -1010001 (base 2) in base 7?
-144
Convert -21 (base 7) to base 14.
-11
Convert -51 (base 11) to base 12.
-48
35 (base 7) to base 2
11010
210 (base 3) to base 10
21
1011 (base 2) to base 7
14
-10012 (base 3) to base 2
-1010110
Convert 16 (base 9) to base 4.
33
-3 (base 16) to base 2
-11
Convert -24 (base 9) to base 4.
-112
Convert 343 (base 6) to base 9.
160
16 (base 8) to base 10
14
Convert 106 (base 7) to base 9.
61
What is -34 (base 8) in base 6?
-44
What is -2111 (base 3) in base 12?
-57
Convert -101 (base 2) to base 10.
-5
14 (base 7) to base 9
12
Convert -12120 (base 3) to base 6.
-410
Convert 10 (base 3) to base 12.
3
-6 (base 10) to base 9
-6
-1 (base 3) to base 13
-1
Convert -27 (base 12) to base 14.
-23
1 (base 15) to base 4
1
What is -c (base 13) in base 8?
-14
What is 10 (base 14) in base 9?
15
Convert 0 (base 7) to base 8.
0
What is 2 (base 15) in base 9?
2
Convert -122 (base 9) to base 4.
-1211
Convert -3 (base 6) to base 16.
-3
What is -10001110 (base 2) in base 16?
-8e
Convert -2 (base 16) to base 10.
-2
What is 7 (base 12) in base 6?
11
Convert -11 (base 15) to base 6.
-24
What is -19 (base 14) in base 6?
-35
Convert -10 (base 12) to base 2.
-1100
Convert 13 (ba